g + 4*g + 4*m, -3*g + 140 = -m. What is the highest common factor of k and g?
5
Suppose -4*n + 148 = 4*s - 0*s, 0 = 2*n - 5*s - 74. Suppose 4*g = -a + n, -4*g + 10 + 21 = -5*a. What is the highest common divisor of 63 and g?
9
Let m be 6 - (1 - (0 + 1)). Let b(k) = -k - 4 - 2*k - 3 + k. Let n be b(-11). Calculate the highest common divisor of n and m.
3
Suppose 6 = r - y + 13, r + y + 5 = 0. Let d = r + 39. Calculate the greatest common divisor of 11 and d.
11
Let b be 5/(-20) - (4 - (-554)/(-8)). Calculate the greatest common divisor of 26 and b.
13
Let c = 3 + 1. Suppose 3*b + g = -0*g + 20, -4*b + 20 = -2*g. Calculate the highest common factor of b and c.
2
Suppose -3*q + 40 = 2*z, 3*z - 3*q - 36 = 54. Calculate the highest common factor of z and 130.
26
Let k(r) = -r**2 - 4*r + 2. Let z be k(-4). Suppose z*a + 0*a - 20 = 0. Calculate the greatest common factor of 80 and a.
10
Let n = 5 + -6. Let z = 0 - n. Let m be 2 - (z + -1 + -2). What is the greatest common factor of 2 and m?
2
Let g = 73 - 25. Calculate the highest common divisor of 6 and g.
6
Let m(o) = -o + 36. Let d be 4/(-2) - 4/(-2). Let z be m(d). Suppose 74 = 3*y + 5*w, 3*y + 3*w = -2*y + 102. Calculate the greatest common divisor of z and y.
18
Let l(w) = w**2 - 8*w - 7. Let x be l(7). Let d be -2 - (1 + x/2). Let s be 1/(-1) + (d - -30). Calculate the highest common factor of s and 11.
11
Suppose -4*q = -56 - 16. Let b(x) = -26*x + 6. Let p = 16 + -22. Let r be b(p). Calculate the greatest common divisor of q and r.
18
Suppose 4*z - 7 = l, -l - 2*l = 4*z - 27. Calculate the greatest common divisor of z and 12.
3
Let t = -2 + 6. Suppose -2*i - 2*i + 12 = 5*a, -3*i + 10 = t*a. Let q = a - 1. Calculate the greatest common divisor of q and 24.
3
Suppose 0 = -2*y - 16 + 76. Let d(p) = -2*p**3 - 5*p**2 - 2*p + 4. Let k be d(-3). Let n = 1 + k. What is the greatest common factor of n and y?
10
Let w be ((-4)/(-10))/((-32)/(-1280)). Let l be 3/((18/4)/3). Let y be l/5 + 198/5. Calculate the greatest common divisor of y and w.
8
Let u = 60 - -108. Calculate the highest common factor of u and 24.
24
Let w(l) = 2*l + 3. Let g be w(7). Calculate the greatest common divisor of g and 102.
17
Let j = 467 + -287. Calculate the greatest common factor of 20 and j.
20
Suppose -4*i + 6 = 2*g, 10 = 5*i + 2*g - 0. Calculate the highest common factor of i and 40.
4
Suppose -5*g + 8 = -3*g. Suppose 0*n + 3*j - 36 = -3*n, -g*n - 2*j + 42 = 0. Suppose 4*i - 27 = 3*i. Calculate the greatest common factor of i and n.
9
Suppose -6*i + i + l + 8 = 0, i - 12 = -5*l. Suppose i*h - 7 - 5 = 0. Let b be (36/(-10))/(h/(-80)). Calculate the highest common divisor of 6 and b.
6
Suppose 208 = 5*f + 2*g, 0 = 3*g - g + 2. What is the greatest common factor of 6 and f?
6
Let m be ((-42)/(-5))/(16/40). Calculate the highest common divisor of 21 and m.
21
Let g(f) = -f**3 + 9*f**2 - f - 7. Let c be g(9). Let i = c + 27. What is the greatest common divisor of 99 and i?
11
Let w = 22 + -18. Suppose 5*f = 5*t + 45, -2*t = -f - w*f + 39. Calculate the greatest common divisor of 28 and f.
7
Suppose p + 0*p - 5 = 0. Suppose 5*n = 3*b + 10, p = -4*b - 3*n + 40. Suppose b*r = 3*r + 18. Calculate the greatest common divisor of r and 81.
9
Let s(h) = -h**2 + 22. Let l be s(0). Let b(w) = -w**2 + 2*w + 2. Let p be b(3). Let u be (2 - 3) + (55 - p). Calculate the greatest common factor of u and l.
11
Let z(y) = y**3 + 9*y**2 - 9*y + 11. Let v be z(-10). Calculate the highest common factor of 9 and v.
1
Let m = 27 + 94. Let h(n) = -8*n - 13. Let a be h(-3). Calculate the greatest common divisor of a and m.
11
Let z be ((-32)/(-5))/(1/5). Suppose 0 = 3*l - 29 - 22. Let c = z - l. What is the highest common factor of c and 30?
15
Suppose a + 3*n = 5, -7*a + 2*a + 5*n + 125 = 0. Suppose 0 = -2*k + h - 13, -k = -6*k - 2*h - 19. Let s = 10 + k. What is the greatest common factor of a and s?
5
Let i = -113 - -155. What is the greatest common factor of 12 and i?
6
Let y be 71 - (2/2 + 0). Suppose q = 2*k + y, q - 2 - 38 = -4*k. Let o = 26 - 14. Calculate the highest common divisor of q and o.
12
Let v be (5/(-4))/((-1)/80). Let f = 134 - 94. What is the highest common factor of f and v?
20
Let s(h) = 54*h**2 - 2*h - 1. Let i be s(-1). Let v = 33 - 16. Suppose 0 = 5*u - v - 38. Calculate the highest common factor of i and u.
11
Suppose 2*l - 7 = 3. Let v = -3 + l. Calculate the highest common divisor of 22 and v.
2
Suppose -y + 67 = -m, 8*y + m = 6*y + 131. Calculate the greatest common divisor of y and 18.
6
Let j be 240/(-56) - (-2)/7. Let n = -9 - j. Let f(s) = -s**3 - 6*s**2 - 5*s + 6. Let q be f(n). What is the greatest common divisor of q and 2?
2
Suppose -2*r + 4*w + 6 = -0*r, w + 6 = 2*r. Let b be 3*12 - (r + 0). Suppose 4*o = 2*o + 22. What is the greatest common divisor of b and o?
11
Suppose -2*q + 7*q - 25 = 0. Suppose -5*d = -2*n - 3, 0*n - 2*n = 3*d - q. What is the highest common divisor of n and 7?
1
Suppose 0 = 4*p + 8, -502 - 99 = -3*n + 2*p. Let d = -99 + n. What is the greatest common factor of d and 25?
25
Let i be (2 + -4)*1 - -7. Suppose q - i*o = 66, -6*q + 3*q - 2*o = -147. What is the highest common factor of q and 17?
17
Let z be 49 - (0 + 3)*1. Suppose -4*h + z = -2*h. What is the greatest common divisor of 69 and h?
23
Let y(o) = -2*o + 13. Let q be y(-16). What is the greatest common factor of q and 30?
15
Let d(q) = 11*q**2 - 2*q - 2. Let o be d(-1). Let w(h) = -3 + 1 - 10 + 3*h. Let a be w(o). What is the greatest common factor of 21 and a?
21
Let r(z) = -5*z + 2. Let b be r(-4). Suppose -3*d = -5*g + 17, -g - 5*d = b - 3. Calculate the highest common divisor of g and 3.
1
Suppose -4*n + u + 129 = n, n = -3*u + 13. Suppose 0*m = 2*m. Suppose m = 5*x - 76 + 26. Calculate the highest common divisor of x and n.
5
Let s(f) = 15*f**3 + 2*f**2 - 1. Let g(w) = -w**3 + 2*w**2 + 2*w - 3. Let y be g(2). Let c be s(y). Calculate the greatest common factor of c and 144.
16
Suppose 39 - 3 = 4*y. Calculate the highest common divisor of 9 and y.
9
Suppose -4*a + 2*o = -18, -4*o - 21 = 2*a + o. Let g be (-16)/(-6)*3/a. Calculate the greatest common divisor of 8 and g.
4
Let r(f) = -5*f + 3. Let n be r(3). Let i = -16 + 39. Let g = i + n. What is the greatest common factor of 77 and g?
11
Let c(s) = 5*s**2 + 4*s + 6. Let i be c(-5). Suppose -36 = -0*l - l - 2*q, 3*q = -3*l + i. What is the highest common factor of 95 and l?
19
Let n = 1 + 2. Suppose 5 = x - n. What is the highest common divisor of x and 12?
4
Let i(l) = 13*l**3 + l - 2. Let q be i(2). Calculate the greatest common factor of q and 26.
26
Let r = 7 - 4. Let t be -2 - 0*3/(-6). Let c be (-1 - 1)*r/t. What is the greatest common divisor of c and 24?
3
Let c(f) = -f**3 + 4*f**2 + 2*f + 4. Let l be c(4). Suppose 4*i + 8 + 0 = 0. Let g be 40/12 - i/(-6). What is the highest common factor of g and l?
3
Let v(j) = j**3 + 5*j**2 + 3*j. Let b be v(-3). Let q = 5 + -2. What is the greatest common factor of b and q?
3
Suppose -2*d - 4*v = -0*d - 70, v + 131 = 5*d. Let h be -2 - 5*(-7 + 6). What is the greatest common divisor of d and h?
3
Let d(b) = b**2 - 4*b - 4. Let u be d(-4). Let n be 546/104*8/3. What is the greatest common divisor of n and u?
14
Suppose 3*n - 4*q = 145, 0*q - 230 = -4*n - 2*q. Let c = 0 + 4. Suppose -c*y + 64 = 5*j, 2*y - 4*j = 2 + 4. Calculate the highest common factor of n and y.
11
Let b(v) = -v**2 + 5*v + 6. Let z be b(5). Let x = z + -3. Let r(s) = 12*s - 3. Let a be r(x). What is the greatest common factor of a and 11?
11
Let u(s) = -12*s - 5. Let v(i) = 30*i + 12. Let y(k) = -12*u(k) - 5*v(k). Let x be y(-1). What is the highest common factor of 24 and x?
6
Let v(q) = q**3 - 7*q**2 + 5*q + 5. Let n be v(7). Let u(i) = -i**3 + 11*i**2 + i - 6. Let o be u(11). Calculate the greatest common divisor of n and o.
5
Let q = 37 - 16. Suppose 5*c - 5*f = 435, 3*c + 2*f - 40 = 206. Calculate the highest common factor of c and q.
21
Let z = 22 - 0. Let l(o) = -o**3 + 9*o**2 - 8*o - 5. Let h be l(6). Calculate the highest common divisor of z and h.
11
Suppose -20*d = -24*d + 60. What is the greatest common factor of 45 and d?
15
Suppose -40 = -4*n - 12. What is the highest common divisor of n and 35?
7
Let a be 1/1 - -3 - -1. Let h(q) = q**3 + 2*q